igit of 24 + 2 - (1 - m)?
2
Suppose 7*d + 170 = 12*d. What is the units digit of d?
4
Let w(c) = c - 1. Let h(d) = -d**2 + 4*d - 7. Let f(u) = -h(u) + 4*w(u). Let g be f(3). Suppose 4*o + g = 0, 4*o + 21 = -0*t + t. What is the units digit of t?
9
Let q(g) = g**3 + 5*g**2 - 4*g. What is the tens digit of q(-5)?
2
Let h(f) = -f**2 - 8*f + 3. Let s be h(-8). Suppose 0 = -s*l + 2*k + 20, 2*l - 12 = -3*l - 2*k. What is the units digit of l?
4
Let w = -104 - -184. What is the units digit of w?
0
Let q(k) = k + 13. Let z be q(-9). Let u(w) = w**2 + 3*w + 4. Let l(p) = p**2 + 2*p + 4. Let g(r) = 6*l(r) - 5*u(r). What is the units digit of g(z)?
8
Suppose 21*b = 24*b - 315. What is the hundreds digit of b?
1
Suppose -293 = -5*v - 3*q, -2*v + q = -0*q - 126. What is the tens digit of v?
6
Let o = -10 - -14. Suppose 0 = -m + 2*m + 7. What is the units digit of (-40)/m + o/14?
6
Suppose -3*a + 3*y - 10 + 4 = 0, -3*y = -2*a - 8. Suppose -4*g - 8 = 0, -2*g = -z + a*g + 7. What is the units digit of (0 - (-1 - -8))/z?
7
Let p(y) be the first derivative of y**4/4 - y**3/3 + 3*y - 16. Let r be 2/(-4)*0/2. What is the units digit of p(r)?
3
Suppose 0 = 2*a - 3*a - 16. Let y = -3 - a. What is the tens digit of y?
1
Let t(g) = -g**3 + g**2. Suppose 2*w + 0 + 2 = 0. What is the units digit of t(w)?
2
Let o(h) be the second derivative of h**4/4 - h**3/6 + h**2/2 - h. What is the units digit of o(-2)?
5
Suppose 0 = -5*h + 5, 0 = 3*n - 0*h + 5*h - 23. What is the units digit of (3 + 9)*n/8?
9
Suppose -4 = -a - 35. Let c = 51 + a. Suppose 0 = 3*s - 5*s + c. What is the units digit of s?
0
Let t = 13 - 17. Let s(m) = -m**3 - m**2 + 3*m + 10. What is the tens digit of s(t)?
4
Let c be (2 - (-2 - -3))*1. Suppose -k = -c - 0. What is the units digit of (-2 + 1)*-1*k?
1
Suppose 0 = -t - 5*u + 59, 7*t - 5*u - 415 = 2*t. What is the tens digit of t?
7
Let g = 9 + -3. Suppose 3*r - 6 - 6 = 0. Suppose -r*i + g*i = 8. What is the units digit of i?
4
Let s(d) = -d**2 + d + 75. Let n be s(0). Suppose n = 5*b - 75. What is the tens digit of b?
3
Let h(t) = t + 19. What is the tens digit of h(0)?
1
Suppose -2*l + 145 = -l - g, g - 447 = -3*l. What is the units digit of l?
8
Let k = 24 + -22. What is the units digit of k?
2
Let a be -1 + -6 - (-2)/1. Let q be (4/a)/(1/(-5)). Suppose -n + 4 = -2*h, 3*n - 5*h - 7 = -q*h. What is the units digit of n?
2
Let m = -40 + 72. Suppose t + m = 3*t. What is the tens digit of t?
1
Suppose 3*h = -0*h + 30. Let m(t) = t**3 - 11*t**2 + 13*t - 5. Let w be m(h). Suppose 4*n + 2 = -i, i - w = -0*i + 5*n. What is the tens digit of i?
1
Suppose -4*n = n + 5*p - 10, -2*n - p + 8 = 0. What is the units digit of n?
6
Let l be ((-9)/3)/(-1 - 0). Suppose 0 = -l*h - 4*j - 11, h = 4*h + j - 4. Suppose 4 = h*n - 2. What is the units digit of n?
2
Let c(q) = -q**2 + 8*q + 5. Let x be c(7). Suppose 5*i = -x + 72. What is the tens digit of i?
1
Let r(z) = z + 14. Let s be r(0). Suppose 43 = 3*q - s. Suppose -53 = -4*j + q. What is the units digit of j?
8
Let a = 12 + -6. What is the units digit of a?
6
Let i be 3/((-2)/(-2) + -2). Let y(z) = -3*z + 1. What is the tens digit of y(i)?
1
Suppose 0 = 5*v + q - 10, -5 = -4*v - 4*q + 3. Suppose 0 = -v*g + g + 9. What is the units digit of g?
9
Let x(u) = u**2 - 8*u + 15. What is the tens digit of x(11)?
4
Let o = 5 - 5. Suppose -3*i - 3*d + 48 = o, -4*i = d - 95 + 28. What is the tens digit of i?
1
Let w be (32/12)/((-4)/(-12)). Let c(b) = -b + 14. What is the units digit of c(w)?
6
Suppose 3*m = 320 - 284. What is the units digit of m?
2
Suppose 4*h + 4*o - 25 = -5, -5*o = -2*h + 3. Suppose -h*j + 2*j - 4 = 0. What is the units digit of 308/7*(-1)/j?
2
Let y be -1 + 0/(-3 + 1). What is the tens digit of 17 + y + 3 + 1?
2
Suppose -1 = 2*b - 11. Suppose j + 272 = b*j. Suppose 0 + j = 4*n. What is the tens digit of n?
1
Suppose o + 0*o - 11 = -2*d, 0 = -2*o + 4*d - 10. Suppose 0 = -3*c - o*a + 11 + 4, 16 = 5*c + 2*a. What is the units digit of c?
2
Suppose 169 = t - 83. What is the hundreds digit of t?
2
Let z be 3 + (2 - (-4)/(-2)). Suppose 4*f = z*f + 1. What is the units digit of f?
1
Suppose 2 + 4 = w. Let s = -1 + w. What is the units digit of s?
5
Suppose -3*x = -5*x - 28. Let r be 2*((-12)/8 + -2). Let v = r - x. What is the units digit of v?
7
Suppose -3*y + v + 1 - 2 = 0, -10 = 5*v. Let q = y + -1. What is the units digit of (-8 - 1)/(3/q)?
6
Suppose 4*n - k + 22 = 8, 2*n = k - 8. Let g(f) = f + 3. Let j be g(n). Let w = 8 - j. What is the units digit of w?
8
Let r(x) = 8*x**2 - 2*x + 1. Let s be r(1). Suppose -2*b + s = -45. What is the units digit of b?
6
Let z be (3/5)/((-4)/(-20)). Suppose 9 = 3*k + z. Suppose -5*n + 7 = -4*l + 2, k*l + 1 = n. What is the units digit of n?
1
Let m(h) = -h. Let r be m(-3). Let d = r + -3. Let w(q) = q + 3. What is the units digit of w(d)?
3
Let i(a) = a**3 + 5*a**2 + 3*a + 1. Let g be i(-4). Suppose g*m + 25 = l, 4*l - m - 5 = l. Suppose -v - v + 16 = l. What is the units digit of v?
8
Let a(w) = w**3 - 13*w**2 + 11*w + 14. What is the units digit of a(12)?
2
Let g = -6 + 9. Suppose 24 = 3*n + g. What is the units digit of n?
7
Let g be (2/(-1 - -2))/2. Let r = 12 + g. Suppose b + j = 12, -b = -5*j + j + r. What is the units digit of b?
7
Let z(u) = u**3 - u**2 + 3*u - 2. Let m be z(2). Let o = m - 13. Let p(x) = -x**2 - 7*x - 5. What is the units digit of p(o)?
5
Suppose 0 = -z + 4*r - 17, 4*z + 0*r - 5*r + 24 = 0. Let g(x) be the second derivative of 7*x**4/12 - 4*x. What is the units digit of g(z)?
7
Let s(g) = g**3 + 5*g**2 - 5. Let o(k) = k**3 + 5*k**2 - 5. Let x(a) = -6*o(a) + 7*s(a). Let f(p) = -4*p + 4. Let c be f(2). What is the tens digit of x(c)?
1
Let j(o) = -o + 7. Suppose -5*p + 25 = 0, -4*p - 3 = -4*q - 7. Let w be j(q). Let h = 19 - w. What is the tens digit of h?
1
What is the units digit of (-1)/(4/12) - (-2 + -114)?
3
Suppose 17 = 4*w - 7. Suppose -p = -w*p - 100. Let d = p + 33. What is the tens digit of d?
1
Let r(y) = 2*y + 4. Let x be r(5). Suppose 5*c - 1 = x. Suppose -2 = -4*k - 2*v, c*k + 5*v + 6 = -3. What is the units digit of k?
2
Suppose 3*s = 2 + 19. What is the units digit of s?
7
Let q(w) = 2*w + 0*w - 3*w + w**2. What is the units digit of q(-2)?
6
Let v be 1*2/(-4)*12. Let g be 51/(-9) - (-2)/v. What is the units digit of (3/g)/((-1)/12)?
6
Let w(z) = -z - 5. Let p be w(-8). Let h be (-3 - -9)/(p/4). What is the units digit of (-2)/h + 34/8?
4
Let i(g) = -4 + 4 - 3*g - 3 + 10. What is the tens digit of i(-6)?
2
Suppose -3*h - 5*t + 78 = -5, 0 = -4*t - 8. What is the tens digit of h?
3
Let w = 304 - 150. What is the hundreds digit of w?
1
Suppose 299 = 4*a - 429. What is the units digit of a?
2
Let a = 12 + -5. Let t = a + -4. Suppose -s + t + 1 = 0. What is the units digit of s?
4
Let l be (2 + -1)*5/5. What is the units digit of -1 - -8 - (0 - l)?
8
Let g = -13 - -37. What is the units digit of g?
4
Let m = 0 + 2. Suppose 0 = m*q - 6 - 0. What is the units digit of q?
3
What is the units digit of 10/3*3*6?
0
Let p(s) = -s + 1. Let d = -5 - -11. Let w = d + -11. What is the units digit of p(w)?
6
Let j(q) = q**3 + 8*q**2 - 10*q - 3. Let t be (12/2)/(4 - 2). Suppose 2*w + t*w = -45. What is the units digit of j(w)?
6
Let o(t) = 4*t. Let k be o(-1). Let v be (-2)/(((-16)/(-10))/k). What is the units digit of (-2)/5 + 37/v?
7
What is the tens digit of -34*(1 + 8/(-4))?
3
What is the tens digit of (-1 - 74/(-10))/((-10)/(-175))?
1
Let s be (-5 + 1)*(3 - 2). What is the tens digit of 30/s*20/(-15)?
1
Suppose -7*k + 4*k = -141. What is the tens digit of k?
4
Let z be (2 + -26)*(-8)/12. Suppose 0 = -5*r + z - 1. What is the units digit of r?
3
Let l be (-3)/(6/(-22)) - -2. Suppose -3*f - 2*h = -3*h - l, -h = 5*f - 19. Suppose 0 = -f*n + 21 + 7. What is the units digit of n?
7
Suppose -4*b + 2*y + 12 = 0, 2*b - 2 = 3*y + 8. Suppose 3 + 1 = b*f. Suppose 3*u + 2*u = f*r + 26, 5*u = 4*r + 22. What is the units digit of u?
6
Let z(y) = 7*y**2 - 7*y + 2. What is the units digit of z(4)?
6
Suppose o + 10 = -5*d, 6 = -0*o + 2*o - 3*d. Suppose 4*t = -o*t + 12. Suppose 0 = 2*f - 5*f, -t*f + 18 = 2*n. What is the units digit of n?
9
Suppose 17 = -5*a + 2, -4*m + a + 131 = 0. What is the units digit of m?
2
Suppose -3*p - 18 = -3*k, -5 = 2*k - 3*p - 21. 